it of k?
0
Let l(b) = -2*b - 5. What is the units digit of l(-7)?
9
Suppose 185 = -3*g + 8*g. What is the tens digit of g?
3
Suppose 1 - 21 = -4*g. What is the units digit of (g - -1) + 9/9?
7
Suppose 0 = 4*b - 8*b - 4, 3*t - 9 = 3*b. Let s(h) = 2 - 2 - 3 + t*h. What is the tens digit of s(7)?
1
Let p(t) be the first derivative of t**4/4 + t**3 - 3*t**2/2 - 2*t + 7. What is the units digit of p(-3)?
7
Let j = 1 - -4. Let w = 0 + j. What is the units digit of w?
5
Suppose -2*r + 77 + 325 = 0. What is the tens digit of r?
0
Suppose 21 + 9 = 3*u. Let n = u - 6. Suppose n*c = i + 12, 6*i + 8 = 4*i. What is the units digit of c?
2
Let g = -96 - -139. Suppose -2*q - 20 = 42. Let j = q + g. What is the tens digit of j?
1
Let k(b) = 0*b**3 + 0 + b**3 + 3 - 5*b + 2*b**2. What is the tens digit of k(3)?
3
Let x = 6 + -11. Let v(j) = -j**2 - 5*j + 3. Let k be v(x). Suppose -7 = -k*z + 5. What is the units digit of z?
4
Let u(r) = -17*r - 5. Let c(d) = -9*d - 2. Let b(h) = -11*c(h) + 6*u(h). What is the tens digit of b(-11)?
2
Let t = -3 - -3. Suppose -4*s = -t*s - 128. What is the units digit of 6/(-21) - s/(-14)?
2
Let q(t) = t**2 - 4*t - 1. Let a be q(3). Let h(j) = j - 23. Let w be h(20). Let x = w - a. What is the units digit of x?
1
Let w(i) be the third derivative of -i**7/5040 - i**6/240 - i**5/30 - 2*i**2. Let p(o) be the third derivative of w(o). What is the units digit of p(-7)?
4
Let z(b) = b**3 + b**2 - b + 1. Let k(r) = r**2 - 3*r - 2. Let p be k(3). Let g be z(p). Let x = g - -21. What is the tens digit of x?
2
Suppose -2*q + 136 = 2*n, 3*q = -5*n + 3*n + 137. What is the units digit of n?
7
Suppose -2*x = -b - 12, -x = -4*b - 4*x - 4. What is the tens digit of ((-11)/b)/(1/4)?
1
Let f be 131/2 + (-7)/14. What is the units digit of 1131/f + (-2)/5?
7
Let z(h) be the second derivative of -7/6*h**3 - 1/20*h**5 - 2*h + 9/2*h**2 + 7/12*h**4 + 0. What is the units digit of z(6)?
3
Suppose -2*d + 8 = 2*d. Suppose l - 2*m - 83 = -2*l, -56 = -d*l + m. What is the units digit of l?
9
Let u(m) = 8*m + 1. Let s(w) = w + 7. Let o be s(-6). What is the units digit of u(o)?
9
Let x(c) = -2*c**2 + 9*c - 6. Let w be x(4). What is the tens digit of 8/w - (-47 + -7)?
5
Suppose 6*t - 2*t = -72. Let b = t - -36. What is the tens digit of b?
1
Let a(n) = 2*n**2 - 3*n + n**3 - 2 + 0*n**3 + 1. Let z be a(-3). Let f = z - -4. What is the units digit of f?
3
What is the units digit of 24/(-3 + 6)*17?
6
Suppose 0*c + 3*c - 48 = 0. Suppose 3*d = 61 - c. What is the units digit of d?
5
Let x(l) = -288*l + 3. What is the units digit of x(-1)?
1
Let d(x) = x**2 + 5*x + 4. Let u be d(-5). Suppose -u*z + 22 = -34. What is the units digit of z?
4
Let k(j) be the third derivative of j**6/120 - 7*j**5/60 - j**4/4 - j**3 - j**2. What is the tens digit of k(8)?
1
Let m = -2 - -4. Suppose m*l - 4 = -0*l. What is the units digit of l?
2
Suppose -v + 22 = v - 3*o, 3*o = 5*v - 37. Suppose -k = 2*f - v, 5*k + 0*f = -3*f + 39. What is the units digit of k?
9
Let s = 2 + -7. Let f = -2 - s. Suppose -10 = -f*r + 14. What is the units digit of r?
8
Let a(i) = i**3 - 4*i**2 + 5*i - 2. Let m be a(3). Suppose -q = 2*h - 18, 0*q + 40 = m*h + 4*q. Suppose 6*g = 2*g + h. What is the units digit of g?
2
Suppose 0*s = p + 5*s + 16, 4*s + 8 = -2*p. Suppose -21 = -d - p. What is the units digit of d?
7
Let a(t) = -t**2 - t + 2. Let u be a(0). Suppose -2*i - h = -0*i - 13, u*h + 6 = 0. What is the units digit of i?
8
Suppose -t = 5*f - 42, -3*t - 2*f - 2*f = -93. Let r = 37 + -56. Let l = t + r. What is the units digit of l?
8
Suppose -d + 98 = -4*l, -2*d - 55 = 2*l - 211. What is the tens digit of d?
8
Let q(r) = -21*r**3 - r. Let a be (-22)/(-10) - 5/25. Suppose -6*h - 4 = -a*h. What is the units digit of q(h)?
2
Let b(c) = -2*c**2 - c**2 + 0*c**2 - 2 + 2*c**2. Let x be b(3). Let v = -7 - x. What is the units digit of v?
4
Suppose -5*i - 2*f + 230 = -i, -3*i + 173 = 2*f. What is the tens digit of i?
5
Suppose 3*q + 15 = 4*s, -5*q + 0 - 25 = -4*s. Let a = 2 + s. Suppose 2*j = -a*j + 20. What is the units digit of j?
5
Let q(c) = 17*c**3 + 2*c**2 - c. What is the units digit of q(1)?
8
Let f = 5 + -8. Let r = 5 + f. Suppose 0 = -4*z + 3*q + 5, r*z - 1 = -0*q + 3*q. What is the units digit of z?
2
Let z = 18 + -13. What is the units digit of z?
5
Let s = 134 + -23. What is the units digit of s?
1
Let j(b) = -b**2 + b + 13. Let o be j(0). Let x = o - 7. What is the units digit of x?
6
Let i = -2 + 6. Suppose 4*c - 62 = -0*d + 2*d, -i*c - 5*d + 69 = 0. What is the units digit of c?
6
Let l(i) be the first derivative of -i**5/60 + i**4/2 - 5*i**3/3 - 2*i**2 + 3. Let u(n) be the second derivative of l(n). What is the units digit of u(9)?
7
Suppose -67 - 89 = -4*l. Suppose 52 = -2*p + 6*p + 3*d, 3*p - l = 5*d. Suppose -5*t + 4*t + p = 0. What is the tens digit of t?
1
Let h = -6 + 9. Let v(a) = -a**3 + 8*a**2 + 9*a + 3. Let x be v(9). Let g = h + x. What is the units digit of g?
6
Let m = 0 - 2. Let n(c) = -c - 7. Let x be n(-3). Let i = m - x. What is the units digit of i?
2
Suppose 3*p = 2*p + 3. Suppose -o - p*o = -164. What is the tens digit of o?
4
Let i(r) = 17*r**3 + 4*r**2 - r + 2*r**2 - 3 - 16*r**3. What is the tens digit of i(-4)?
3
Let k = 240 + -115. What is the units digit of k?
5
Let n(t) = 4*t**3 - 3*t**2 + t. What is the units digit of n(2)?
2
Let q(j) = j**2 - 3*j + 7. Let x be q(7). Suppose -5*o + 10 + x = 0. What is the units digit of o?
9
Suppose -27*f = -19*f - 1784. What is the tens digit of f?
2
Let y = 4 - 5. Let o be (-10*1/2)/y. Let p(m) = 2*m - 1. What is the units digit of p(o)?
9
What is the units digit of -4 + 2 + (5 - -8)?
1
Suppose 170 = 2*a + 2*b - 226, -2*a = 4*b - 398. What is the hundreds digit of a?
1
Suppose u = -c - 4, 3*u - c - 3 = c. Let i be 1 + 0 + 15 + u. Suppose -h + i = 4*h. What is the units digit of h?
3
Let h = -45 - -165. What is the tens digit of h?
2
Let p(n) = -n**2 - 8*n - 2. Suppose 0 = -4*f + 5*j - 57, -j - 20 = -5*j. Let z be p(f). Let g = 7 + z. What is the units digit of g?
5
Suppose -40 = 4*r + r. Let b = 6 + r. What is the units digit of 16/(-6)*9/b?
2
Suppose 4*k = 5*k - 3. Suppose -u + 3*w - 2 = 0, 2*u - 3*w + k = 2. What is the units digit of u?
1
Let m = 8 - 6. Suppose -3*s - 3*r = -16 + 4, -4*s + 24 = m*r. What is the units digit of s?
8
Let u = 3 - 1. Suppose -3*p = -u*p - 3. Suppose 7*q - p*q - 28 = 0. What is the units digit of q?
7
Suppose -x + 2 = -2*x. Let z = 2 - x. Suppose 2*y = 5*q + 3*y - 30, -z*q + y = -33. What is the units digit of q?
7
Let a be -2*(106/(-4) + 1). Let i = 4 - 1. Suppose 0 = 3*c - i*v - a, -5*c + 3*v + 19 = -4*c. What is the tens digit of c?
1
Suppose 0 = -5*t + 6 - 16. Let r(o) be the third derivative of -5*o**4/24 + o**3/3 + 2*o**2. What is the tens digit of r(t)?
1
Suppose 3*k + 2*f = 1203, 6*f = -3*k + 3*f + 1200. What is the units digit of k?
3
Let u be 8/5*(-10)/(-4). Suppose u*a = a + 2*p - 13, -7 = -3*a - 2*p. Let z = a - -14. What is the units digit of z?
3
Let i be 21/(-4) + 2/8. Let j = 6 + i. What is the units digit of j?
1
Let f(c) = c**2 - 2*c**2 - 12*c - 2 - 8. Suppose -3*j + u - 25 = 0, -j + 0 - 25 = 3*u. What is the tens digit of f(j)?
1
Suppose 5*c = 3*c - 2, -3*u - c + 266 = 0. What is the units digit of u?
9
Let p be -1 + (-3 - (-10 - -2)). Let m be (p/(-10))/((-5)/(-200)). What is the tens digit of 1 - (m + -3 - -1)?
1
Let b = -3 - -8. Suppose 3*j - 100 = -b*z, -46 = -3*z - j + 2*j. What is the tens digit of z?
1
Let g be -1*(0 - (-2 + 1)). Let n be (-9)/g - (7 - 6). Let z = -2 + n. What is the units digit of z?
6
Let o be 1 + (1 + 2)/(-3). Let x be 1/(-2)*o/(-4). Suppose -3*n + x*m + 2*m + 3 = 0, 3*m + 1 = n. What is the units digit of n?
1
Suppose -2*z + 0*z = -k + 6, -5*k - 4*z + 100 = 0. What is the tens digit of k?
1
Let j(b) = -b**3 + 2*b**2 - 1. Let n be j(-1). Suppose k = y - 7, -y - k = -3*k - n. What is the tens digit of y?
1
Let q(s) = -2*s - 7. Let r be q(-7). Let f(y) = -4*y + 3*y + y**3 + 3 + 9*y + 7 - 8*y**2. What is the units digit of f(r)?
7
Suppose 1 = o - 1. Suppose -3*w - 37 = -o*c - 2*w, -6 = -2*w. What is the units digit of c?
0
Suppose -4*j + 9 = -j. Suppose -3*z = -j*s - 45, 3*s - 8 = 4*z - 69. What is the tens digit of z?
1
Let v be 1 + (-1 - 0 - 13). Let m b